{"id":9904,"date":"2024-11-19T12:40:14","date_gmt":"2024-11-19T11:40:14","guid":{"rendered":"https:\/\/radio-aviva.com\/perpignan\/?post_type=podcast&#038;p=9904"},"modified":"2024-10-18T10:32:41","modified_gmt":"2024-10-18T08:32:41","slug":"semaine-europeenne-emploie-handicap-valerie-patricia","status":"publish","type":"podcast","link":"https:\/\/radio-aviva.com\/perpignan\/podcast\/semaine-europeenne-emploie-handicap-valerie-patricia\/","title":{"rendered":"Semaine Europ\u00e9enne Emploi Handicap &#8211; Val\u00e9rie: Conseill\u00e8re en Accompagnement, Patricia: Conseill\u00e8re en Recrutement, France Travail"},"content":{"rendered":"<p>Val\u00e9rie conseill\u00e8re en accompagnement chez France Travail et Patricia conseill\u00e8re en recrutement chez France Travail \u00e9galement nous pr\u00e9sente la semaine europ\u00e9enne pour &#8217;emploi des personnes en situation de handicap.<\/p>\n","protected":false},"author":1,"featured_media":9006,"template":"","tags":[],"podcastfilter":[181,299,308,230,302],"class_list":["post-9904","podcast","type-podcast","status-publish","has-post-thumbnail","hentry","podcastfilter-emploi","podcastfilter-emploi-formations","podcastfilter-france-travail","podcastfilter-handicap","podcastfilter-quelques-minutes-pour-lemploi"],"_links":{"self":[{"href":"https:\/\/radio-aviva.com\/perpignan\/wp-json\/wp\/v2\/podcast\/9904","targetHints":{"allow":["GET"]}}],"collection":[{"href":"https:\/\/radio-aviva.com\/perpignan\/wp-json\/wp\/v2\/podcast"}],"about":[{"href":"https:\/\/radio-aviva.com\/perpignan\/wp-json\/wp\/v2\/types\/podcast"}],"author":[{"embeddable":true,"href":"https:\/\/radio-aviva.com\/perpignan\/wp-json\/wp\/v2\/users\/1"}],"version-history":[{"count":5,"href":"https:\/\/radio-aviva.com\/perpignan\/wp-json\/wp\/v2\/podcast\/9904\/revisions"}],"predecessor-version":[{"id":10230,"href":"https:\/\/radio-aviva.com\/perpignan\/wp-json\/wp\/v2\/podcast\/9904\/revisions\/10230"}],"wp:featuredmedia":[{"embeddable":true,"href":"https:\/\/radio-aviva.com\/perpignan\/wp-json\/wp\/v2\/media\/9006"}],"wp:attachment":[{"href":"https:\/\/radio-aviva.com\/perpignan\/wp-json\/wp\/v2\/media?parent=9904"}],"wp:term":[{"taxonomy":"post_tag","embeddable":true,"href":"https:\/\/radio-aviva.com\/perpignan\/wp-json\/wp\/v2\/tags?post=9904"},{"taxonomy":"podcastfilter","embeddable":true,"href":"https:\/\/radio-aviva.com\/perpignan\/wp-json\/wp\/v2\/podcastfilter?post=9904"}],"curies":[{"name":"wp","href":"https:\/\/api.w.org\/{rel}","templated":true}]}}

Semaine Européenne Emploi Handicap &#8211; Valérie: Conseillère en Accompagnement, Patricia: Conseillère en Recrutement, France Travail

<p>Valérie conseillère en accompagnement chez France Travail et Patricia conseillère en recrutement chez France Travail également nous présente la semaine européenne pour &#8217;emploi des personnes en situation de handicap.</p>
