{"id":9910,"date":"2024-10-22T12:40:18","date_gmt":"2024-10-22T10:40:18","guid":{"rendered":"https:\/\/radio-aviva.com\/perpignan\/?post_type=podcast&#038;p=9910"},"modified":"2024-10-18T10:34:58","modified_gmt":"2024-10-18T08:34:58","slug":"semaine-du-commerce-julia-conseillere-emploie-patricia-conseil-recrutement","status":"publish","type":"podcast","link":"https:\/\/radio-aviva.com\/perpignan\/podcast\/semaine-du-commerce-julia-conseillere-emploie-patricia-conseil-recrutement\/","title":{"rendered":"Semaine du Commerce &#8211; Julia, Conseill\u00e8re Emploi, Patricia, Conseill\u00e8re Recrutement"},"content":{"rendered":"<p>Julia conseill\u00e8re emploi et Patricia conseill\u00e8re en recrutement nous parle de la semaine du commerce et de la grande distribution qui se d\u00e9roulera du 21 au 25 octobre.<\/p>\n","protected":false},"author":337,"featured_media":9006,"template":"","tags":[],"podcastfilter":[299,269,308,180,302],"class_list":["post-9910","podcast","type-podcast","status-publish","has-post-thumbnail","hentry","podcastfilter-emploi-formations","podcastfilter-formation","podcastfilter-france-travail","podcastfilter-pyrenees-orientales","podcastfilter-quelques-minutes-pour-lemploi"],"_links":{"self":[{"href":"https:\/\/radio-aviva.com\/perpignan\/wp-json\/wp\/v2\/podcast\/9910","targetHints":{"allow":["GET"]}}],"collection":[{"href":"https:\/\/radio-aviva.com\/perpignan\/wp-json\/wp\/v2\/podcast"}],"about":[{"href":"https:\/\/radio-aviva.com\/perpignan\/wp-json\/wp\/v2\/types\/podcast"}],"author":[{"embeddable":true,"href":"https:\/\/radio-aviva.com\/perpignan\/wp-json\/wp\/v2\/users\/337"}],"version-history":[{"count":4,"href":"https:\/\/radio-aviva.com\/perpignan\/wp-json\/wp\/v2\/podcast\/9910\/revisions"}],"predecessor-version":[{"id":10231,"href":"https:\/\/radio-aviva.com\/perpignan\/wp-json\/wp\/v2\/podcast\/9910\/revisions\/10231"}],"wp:featuredmedia":[{"embeddable":true,"href":"https:\/\/radio-aviva.com\/perpignan\/wp-json\/wp\/v2\/media\/9006"}],"wp:attachment":[{"href":"https:\/\/radio-aviva.com\/perpignan\/wp-json\/wp\/v2\/media?parent=9910"}],"wp:term":[{"taxonomy":"post_tag","embeddable":true,"href":"https:\/\/radio-aviva.com\/perpignan\/wp-json\/wp\/v2\/tags?post=9910"},{"taxonomy":"podcastfilter","embeddable":true,"href":"https:\/\/radio-aviva.com\/perpignan\/wp-json\/wp\/v2\/podcastfilter?post=9910"}],"curies":[{"name":"wp","href":"https:\/\/api.w.org\/{rel}","templated":true}]}}

Semaine du Commerce &#8211; Julia, Conseillère Emploi, Patricia, Conseillère Recrutement

<p>Julia conseillère emploi et Patricia conseillère en recrutement nous parle de la semaine du commerce et de la grande distribution qui se déroulera du 21 au 25 octobre.</p>
