{"id":9921,"date":"2024-09-20T14:05:24","date_gmt":"2024-09-20T12:05:24","guid":{"rendered":"https:\/\/radio-aviva.com\/perpignan\/?post_type=podcast&#038;p=9921"},"modified":"2024-09-20T14:05:24","modified_gmt":"2024-09-20T12:05:24","slug":"couvent-sainte-claire-et-site-archeologique-de-ruscino-florence-moly-deleguee-au-patrimoine-historique","status":"publish","type":"podcast","link":"https:\/\/radio-aviva.com\/perpignan\/podcast\/couvent-sainte-claire-et-site-archeologique-de-ruscino-florence-moly-deleguee-au-patrimoine-historique\/","title":{"rendered":"COUVENT SAINTE CLAIRE ET SITE ARCHEOLOGIQUE DE RUSCINO &#8211; FLORENCE MOLY, DELEGUEE AU PATRIMOINE HISTORIQUE"},"content":{"rendered":"<p>Dans cette \u00e9mission nous recevons Florence Moly au micro de Jean Dustou dans le cadre des journ\u00e9es europ\u00e9ennes du Patrimoine. Elle vient nous parler du Couvent Sainte-Claire et du site arch\u00e9ologique de Roscino.<\/p>\n","protected":false},"author":1,"featured_media":9869,"template":"","tags":[],"podcastfilter":[157,150,144,151,109],"class_list":["post-9921","podcast","type-podcast","status-publish","has-post-thumbnail","hentry","podcastfilter-architecture","podcastfilter-entracte","podcastfilter-histoire","podcastfilter-patrimoine","podcastfilter-perpignan"],"_links":{"self":[{"href":"https:\/\/radio-aviva.com\/perpignan\/wp-json\/wp\/v2\/podcast\/9921","targetHints":{"allow":["GET"]}}],"collection":[{"href":"https:\/\/radio-aviva.com\/perpignan\/wp-json\/wp\/v2\/podcast"}],"about":[{"href":"https:\/\/radio-aviva.com\/perpignan\/wp-json\/wp\/v2\/types\/podcast"}],"author":[{"embeddable":true,"href":"https:\/\/radio-aviva.com\/perpignan\/wp-json\/wp\/v2\/users\/1"}],"version-history":[{"count":1,"href":"https:\/\/radio-aviva.com\/perpignan\/wp-json\/wp\/v2\/podcast\/9921\/revisions"}],"predecessor-version":[{"id":9922,"href":"https:\/\/radio-aviva.com\/perpignan\/wp-json\/wp\/v2\/podcast\/9921\/revisions\/9922"}],"wp:featuredmedia":[{"embeddable":true,"href":"https:\/\/radio-aviva.com\/perpignan\/wp-json\/wp\/v2\/media\/9869"}],"wp:attachment":[{"href":"https:\/\/radio-aviva.com\/perpignan\/wp-json\/wp\/v2\/media?parent=9921"}],"wp:term":[{"taxonomy":"post_tag","embeddable":true,"href":"https:\/\/radio-aviva.com\/perpignan\/wp-json\/wp\/v2\/tags?post=9921"},{"taxonomy":"podcastfilter","embeddable":true,"href":"https:\/\/radio-aviva.com\/perpignan\/wp-json\/wp\/v2\/podcastfilter?post=9921"}],"curies":[{"name":"wp","href":"https:\/\/api.w.org\/{rel}","templated":true}]}}

<p>Dans cette émission nous recevons Florence Moly au micro de Jean Dustou dans le cadre des journées européennes du Patrimoine. Elle vient nous parler du Couvent Sainte-Claire et du site archéologique de Roscino.</p>
