{"id":9956,"date":"2024-10-05T13:45:42","date_gmt":"2024-10-05T11:45:42","guid":{"rendered":"https:\/\/radio-aviva.com\/perpignan\/?post_type=podcast&#038;p=9956"},"modified":"2024-09-25T15:51:59","modified_gmt":"2024-09-25T13:51:59","slug":"ensemble2generations-jocelyne-carolle-directrice","status":"publish","type":"podcast","link":"https:\/\/radio-aviva.com\/perpignan\/podcast\/ensemble2generations-jocelyne-carolle-directrice\/","title":{"rendered":"ENSEMBLE2GENERATIONS &#8211; JOCELYNE CAROLLE, DIRECTRICE"},"content":{"rendered":"<p>Jocelyne CAROLLE pr\u00e9sidente de Ensemble 2 G\u00e9n\u00e9rations \u00e0 Perpignan vient nous pr\u00e9senter les cin\u00e9 d\u00e9bats interg\u00e9n\u00e9rationnels qui auront lieu le 30 septembre, le 5 Octobre et le 7 Octobre.<\/p>\n","protected":false},"author":1,"featured_media":9953,"template":"","tags":[],"podcastfilter":[128,152,278,148],"class_list":["post-9956","podcast","type-podcast","status-publish","has-post-thumbnail","hentry","podcastfilter-cinema","podcastfilter-lien-social","podcastfilter-rencontre","podcastfilter-voix-des-assos"],"_links":{"self":[{"href":"https:\/\/radio-aviva.com\/perpignan\/wp-json\/wp\/v2\/podcast\/9956","targetHints":{"allow":["GET"]}}],"collection":[{"href":"https:\/\/radio-aviva.com\/perpignan\/wp-json\/wp\/v2\/podcast"}],"about":[{"href":"https:\/\/radio-aviva.com\/perpignan\/wp-json\/wp\/v2\/types\/podcast"}],"author":[{"embeddable":true,"href":"https:\/\/radio-aviva.com\/perpignan\/wp-json\/wp\/v2\/users\/1"}],"version-history":[{"count":1,"href":"https:\/\/radio-aviva.com\/perpignan\/wp-json\/wp\/v2\/podcast\/9956\/revisions"}],"predecessor-version":[{"id":9957,"href":"https:\/\/radio-aviva.com\/perpignan\/wp-json\/wp\/v2\/podcast\/9956\/revisions\/9957"}],"wp:featuredmedia":[{"embeddable":true,"href":"https:\/\/radio-aviva.com\/perpignan\/wp-json\/wp\/v2\/media\/9953"}],"wp:attachment":[{"href":"https:\/\/radio-aviva.com\/perpignan\/wp-json\/wp\/v2\/media?parent=9956"}],"wp:term":[{"taxonomy":"post_tag","embeddable":true,"href":"https:\/\/radio-aviva.com\/perpignan\/wp-json\/wp\/v2\/tags?post=9956"},{"taxonomy":"podcastfilter","embeddable":true,"href":"https:\/\/radio-aviva.com\/perpignan\/wp-json\/wp\/v2\/podcastfilter?post=9956"}],"curies":[{"name":"wp","href":"https:\/\/api.w.org\/{rel}","templated":true}]}}

<p>Jocelyne CAROLLE présidente de Ensemble 2 Générations à Perpignan vient nous présenter les ciné débats intergénérationnels qui auront lieu le 30 septembre, le 5 Octobre et le 7 Octobre.</p>
