{"id":9983,"date":"2024-09-27T15:24:22","date_gmt":"2024-09-27T13:24:22","guid":{"rendered":"https:\/\/radio-aviva.com\/perpignan\/?post_type=podcast&#038;p=9983"},"modified":"2024-10-23T16:01:58","modified_gmt":"2024-10-23T14:01:58","slug":"catarina-servanda-une-sorciere-survivante","status":"publish","type":"podcast","link":"https:\/\/radio-aviva.com\/perpignan\/podcast\/catarina-servanda-une-sorciere-survivante\/","title":{"rendered":"CATARINA SERVANDA, une sorci\u00e8re survivante"},"content":{"rendered":"<p><span class=\"notion-enable-hover\" data-token-index=\"0\"><strong>66 femmes des Pyr\u00e9n\u00e9es Orientales<\/strong> : d\u00e9couvrez les 66 destins qui ont marqu\u00e9 notre territoire.<\/span><\/p>\n<p>C\u00e9l\u00e8bres ou inconnues, les femmes catalanes ont profond\u00e9ment marqu\u00e9 l&rsquo;histoire et la g\u00e9ographie de la Catalogne Nord et ont transmis un riche h\u00e9ritage, de la pr\u00e9histoire \u00e0 nos jours. Le livre \u00ab\u00a0Matrimoine catalan, 66 femmes\u00a0\u00bb, initi\u00e9 par l&rsquo;association IDEM question de genre les a mises en lumi\u00e8re.<\/p>\n<p>Dans ce portrait, d\u00e9couvrez Catarina SERVANDA, une sorci\u00e8re survivante.<!-- notionvc: 29f14293-0f45-4ed4-ae19-a86e0717535c --><\/p>\n","protected":false},"author":329,"featured_media":9849,"template":"","tags":[],"podcastfilter":[261,144,319,109,186],"class_list":["post-9983","podcast","type-podcast","status-publish","has-post-thumbnail","hentry","podcastfilter-femmes","podcastfilter-histoire","podcastfilter-matrimoine-66","podcastfilter-perpignan","podcastfilter-pyrenees-orientales-2"],"_links":{"self":[{"href":"https:\/\/radio-aviva.com\/perpignan\/wp-json\/wp\/v2\/podcast\/9983","targetHints":{"allow":["GET"]}}],"collection":[{"href":"https:\/\/radio-aviva.com\/perpignan\/wp-json\/wp\/v2\/podcast"}],"about":[{"href":"https:\/\/radio-aviva.com\/perpignan\/wp-json\/wp\/v2\/types\/podcast"}],"author":[{"embeddable":true,"href":"https:\/\/radio-aviva.com\/perpignan\/wp-json\/wp\/v2\/users\/329"}],"version-history":[{"count":2,"href":"https:\/\/radio-aviva.com\/perpignan\/wp-json\/wp\/v2\/podcast\/9983\/revisions"}],"predecessor-version":[{"id":10324,"href":"https:\/\/radio-aviva.com\/perpignan\/wp-json\/wp\/v2\/podcast\/9983\/revisions\/10324"}],"wp:featuredmedia":[{"embeddable":true,"href":"https:\/\/radio-aviva.com\/perpignan\/wp-json\/wp\/v2\/media\/9849"}],"wp:attachment":[{"href":"https:\/\/radio-aviva.com\/perpignan\/wp-json\/wp\/v2\/media?parent=9983"}],"wp:term":[{"taxonomy":"post_tag","embeddable":true,"href":"https:\/\/radio-aviva.com\/perpignan\/wp-json\/wp\/v2\/tags?post=9983"},{"taxonomy":"podcastfilter","embeddable":true,"href":"https:\/\/radio-aviva.com\/perpignan\/wp-json\/wp\/v2\/podcastfilter?post=9983"}],"curies":[{"name":"wp","href":"https:\/\/api.w.org\/{rel}","templated":true}]}}

CATARINA SERVANDA, une sorcière survivante

<p><span class="notion-enable-hover" data-token-index="0"><strong>66 femmes des Pyrénées Orientales</strong> : découvrez les 66 destins qui ont marqué notre territoire.</span></p>
<p>Célèbres ou inconnues, les femmes catalanes ont profondément marqué l&rsquo;histoire et la géographie de la Catalogne Nord et ont transmis un riche héritage, de la préhistoire à nos jours. Le livre « Matrimoine catalan, 66 femmes », initié par l&rsquo;association IDEM question de genre les a mises en lumière.</p>
<p>Dans ce portrait, découvrez Catarina SERVANDA, une sorcière survivante.<!-- notionvc: 29f14293-0f45-4ed4-ae19-a86e0717535c --></p>
