{"id":9990,"date":"2024-09-27T16:05:09","date_gmt":"2024-09-27T14:05:09","guid":{"rendered":"https:\/\/radio-aviva.com\/perpignan\/?post_type=podcast&#038;p=9990"},"modified":"2024-10-23T16:00:35","modified_gmt":"2024-10-23T14:00:35","slug":"louise-lombard-veuve-vilaseque-gabalda-la-pionniere-du-tourisme-balneaire","status":"publish","type":"podcast","link":"https:\/\/radio-aviva.com\/perpignan\/podcast\/louise-lombard-veuve-vilaseque-gabalda-la-pionniere-du-tourisme-balneaire\/","title":{"rendered":"Louise LOMBARD veuve VILASEQUE GABALDA, la pionni\u00e8re du tourisme baln\u00e9aire"},"content":{"rendered":"<p><span class=\"notion-enable-hover\" data-token-index=\"0\"><strong>66 femmes des Pyr\u00e9n\u00e9es Orientales<\/strong> : d\u00e9couvrez les 66 destins qui ont marqu\u00e9 notre territoire.<\/span><\/p>\n<p>C\u00e9l\u00e8bres ou inconnues, les femmes catalanes ont profond\u00e9ment marqu\u00e9 l&rsquo;histoire et la g\u00e9ographie de la Catalogne Nord et ont transmis un riche h\u00e9ritage, de la pr\u00e9histoire \u00e0 nos jours. Le livre \u00ab\u00a0Matrimoine catalan, 66 femmes\u00a0\u00bb, initi\u00e9 par l&rsquo;association IDEM question de genre les a mises en lumi\u00e8re.<\/p>\n<p>Dans ce portrait, d\u00e9couvrez Louise LOMBARD veuve VILASEQUE GABALDA, la pionni\u00e8re du tourisme baln\u00e9aire.<!-- notionvc: 2b13dc4e-63a6-4a21-b289-2146aa4229cf --><\/p>\n","protected":false},"author":329,"featured_media":9849,"template":"","tags":[],"podcastfilter":[261,144,319,109,186],"class_list":["post-9990","podcast","type-podcast","status-publish","has-post-thumbnail","hentry","podcastfilter-femmes","podcastfilter-histoire","podcastfilter-matrimoine-66","podcastfilter-perpignan","podcastfilter-pyrenees-orientales-2"],"_links":{"self":[{"href":"https:\/\/radio-aviva.com\/perpignan\/wp-json\/wp\/v2\/podcast\/9990","targetHints":{"allow":["GET"]}}],"collection":[{"href":"https:\/\/radio-aviva.com\/perpignan\/wp-json\/wp\/v2\/podcast"}],"about":[{"href":"https:\/\/radio-aviva.com\/perpignan\/wp-json\/wp\/v2\/types\/podcast"}],"author":[{"embeddable":true,"href":"https:\/\/radio-aviva.com\/perpignan\/wp-json\/wp\/v2\/users\/329"}],"version-history":[{"count":2,"href":"https:\/\/radio-aviva.com\/perpignan\/wp-json\/wp\/v2\/podcast\/9990\/revisions"}],"predecessor-version":[{"id":10322,"href":"https:\/\/radio-aviva.com\/perpignan\/wp-json\/wp\/v2\/podcast\/9990\/revisions\/10322"}],"wp:featuredmedia":[{"embeddable":true,"href":"https:\/\/radio-aviva.com\/perpignan\/wp-json\/wp\/v2\/media\/9849"}],"wp:attachment":[{"href":"https:\/\/radio-aviva.com\/perpignan\/wp-json\/wp\/v2\/media?parent=9990"}],"wp:term":[{"taxonomy":"post_tag","embeddable":true,"href":"https:\/\/radio-aviva.com\/perpignan\/wp-json\/wp\/v2\/tags?post=9990"},{"taxonomy":"podcastfilter","embeddable":true,"href":"https:\/\/radio-aviva.com\/perpignan\/wp-json\/wp\/v2\/podcastfilter?post=9990"}],"curies":[{"name":"wp","href":"https:\/\/api.w.org\/{rel}","templated":true}]}}

Louise LOMBARD veuve VILASEQUE GABALDA, la pionnière du tourisme balnéaire

<p><span class="notion-enable-hover" data-token-index="0"><strong>66 femmes des Pyrénées Orientales</strong> : découvrez les 66 destins qui ont marqué notre territoire.</span></p>
<p>Célèbres ou inconnues, les femmes catalanes ont profondément marqué l&rsquo;histoire et la géographie de la Catalogne Nord et ont transmis un riche héritage, de la préhistoire à nos jours. Le livre « Matrimoine catalan, 66 femmes », initié par l&rsquo;association IDEM question de genre les a mises en lumière.</p>
<p>Dans ce portrait, découvrez Louise LOMBARD veuve VILASEQUE GABALDA, la pionnière du tourisme balnéaire.<!-- notionvc: 2b13dc4e-63a6-4a21-b289-2146aa4229cf --></p>
