{"id":6255,"date":"2022-10-14T09:21:17","date_gmt":"2022-10-14T07:21:17","guid":{"rendered":"https:\/\/radio-aviva.com\/perpignan\/blog\/emission\/etincelles\/"},"modified":"2026-06-24T09:51:26","modified_gmt":"2026-06-24T07:51:26","slug":"etincelles","status":"publish","type":"shows","link":"https:\/\/radio-aviva.com\/perpignan\/emission\/etincelles\/","title":{"rendered":"\u00c9tincelles"},"content":{"rendered":"<p>Radio Aviva discute spiritualit\u00e9, culte et modernit\u00e9 avec vous.<\/p>\n","protected":false},"excerpt":{"rendered":"<p>Radio Aviva discute spiritualit\u00e9, culte et modernit\u00e9 avec vous.<\/p>\n","protected":false},"featured_media":6256,"menu_order":0,"comment_status":"closed","ping_status":"closed","template":"","genre":[106],"class_list":["post-6255","shows","type-shows","status-publish","has-post-thumbnail","hentry","genre-emissions"],"_links":{"self":[{"href":"https:\/\/radio-aviva.com\/perpignan\/wp-json\/wp\/v2\/shows\/6255","targetHints":{"allow":["GET"]}}],"collection":[{"href":"https:\/\/radio-aviva.com\/perpignan\/wp-json\/wp\/v2\/shows"}],"about":[{"href":"https:\/\/radio-aviva.com\/perpignan\/wp-json\/wp\/v2\/types\/shows"}],"replies":[{"embeddable":true,"href":"https:\/\/radio-aviva.com\/perpignan\/wp-json\/wp\/v2\/comments?post=6255"}],"version-history":[{"count":0,"href":"https:\/\/radio-aviva.com\/perpignan\/wp-json\/wp\/v2\/shows\/6255\/revisions"}],"wp:featuredmedia":[{"embeddable":true,"href":"https:\/\/radio-aviva.com\/perpignan\/wp-json\/wp\/v2\/media\/6256"}],"wp:attachment":[{"href":"https:\/\/radio-aviva.com\/perpignan\/wp-json\/wp\/v2\/media?parent=6255"}],"wp:term":[{"taxonomy":"genre","embeddable":true,"href":"https:\/\/radio-aviva.com\/perpignan\/wp-json\/wp\/v2\/genre?post=6255"}],"curies":[{"name":"wp","href":"https:\/\/api.w.org\/{rel}","templated":true}]}}

Étincelles

<p>Radio Aviva discute spiritualité, culte et modernité avec vous.</p>
