{"id":6295,"date":"2022-10-09T16:13:33","date_gmt":"2022-10-09T15:13:33","guid":{"rendered":"https:\/\/radio-aviva.com\/perpignan\/blog\/emission\/bon-week-end\/"},"modified":"2023-02-04T16:43:56","modified_gmt":"2023-02-04T15:43:56","slug":"bon-week-end","status":"publish","type":"shows","link":"https:\/\/radio-aviva.com\/perpignan\/emission\/bon-week-end\/","title":{"rendered":"Bon week-end !"},"content":{"rendered":"<p>Musique et chroniques : Tempo (l&rsquo;actualit\u00e9 de vos sorties nocturnes), l&rsquo;agenda des sorties, les rendez-vous de l&#8217;emploi, l&rsquo;actualit\u00e9 des jeux vid\u00e9os, backstage (l&rsquo;actualit\u00e9 musicale), la chronique de la bulle, la chronique d&rsquo;Am\u00e9lie, l&rsquo;actualit\u00e9 automobile, le plateau TV, la chronique sans CO\u00b2 (actualit\u00e9 sur les innovations et l&rsquo;environnement), la minute essentielle, culture et soci\u00e9t\u00e9 et le programme TV.<\/p>\n","protected":false},"excerpt":{"rendered":"<p>Musique et chroniques : Tempo (l&rsquo;actualit\u00e9 de vos sorties nocturnes), l&rsquo;agenda des sorties, les rendez-vous de l&#8217;emploi, l&rsquo;actualit\u00e9 des jeux vid\u00e9os, backstage (l&rsquo;actualit\u00e9 musicale), la chronique de la bulle, la chronique d&rsquo;Am\u00e9lie, l&rsquo;actualit\u00e9 automobile, le plateau TV, la chronique sans CO\u00b2 (actualit\u00e9 sur les innovations et l&rsquo;environnement), la minute essentielle, ...<\/p>\n","protected":false},"featured_media":0,"menu_order":0,"comment_status":"closed","ping_status":"closed","template":"","genre":[],"class_list":["post-6295","shows","type-shows","status-publish","hentry"],"_links":{"self":[{"href":"https:\/\/radio-aviva.com\/perpignan\/wp-json\/wp\/v2\/shows\/6295","targetHints":{"allow":["GET"]}}],"collection":[{"href":"https:\/\/radio-aviva.com\/perpignan\/wp-json\/wp\/v2\/shows"}],"about":[{"href":"https:\/\/radio-aviva.com\/perpignan\/wp-json\/wp\/v2\/types\/shows"}],"replies":[{"embeddable":true,"href":"https:\/\/radio-aviva.com\/perpignan\/wp-json\/wp\/v2\/comments?post=6295"}],"version-history":[{"count":0,"href":"https:\/\/radio-aviva.com\/perpignan\/wp-json\/wp\/v2\/shows\/6295\/revisions"}],"wp:attachment":[{"href":"https:\/\/radio-aviva.com\/perpignan\/wp-json\/wp\/v2\/media?parent=6295"}],"wp:term":[{"taxonomy":"genre","embeddable":true,"href":"https:\/\/radio-aviva.com\/perpignan\/wp-json\/wp\/v2\/genre?post=6295"}],"curies":[{"name":"wp","href":"https:\/\/api.w.org\/{rel}","templated":true}]}}

<p>Musique et chroniques : Tempo (l&rsquo;actualité de vos sorties nocturnes), l&rsquo;agenda des sorties, les rendez-vous de l&#8217;emploi, l&rsquo;actualité des jeux vidéos, backstage (l&rsquo;actualité musicale), la chronique de la bulle, la chronique d&rsquo;Amélie, l&rsquo;actualité automobile, le plateau TV, la chronique sans CO² (actualité sur les innovations et l&rsquo;environnement), la minute essentielle, culture et société et le programme TV.</p>

<p>Musique et chroniques : Tempo (l&rsquo;actualité de vos sorties nocturnes), l&rsquo;agenda des sorties, les rendez-vous de l&#8217;emploi, l&rsquo;actualité des jeux vidéos, backstage (l&rsquo;actualité musicale), la chronique de la bulle, la chronique d&rsquo;Amélie, l&rsquo;actualité automobile, le plateau TV, la chronique sans CO² (actualité sur les innovations et l&rsquo;environnement), la minute essentielle, ...</p>
