{"id":7173,"date":"2023-08-15T17:05:51","date_gmt":"2023-08-15T15:05:51","guid":{"rendered":"https:\/\/radio-aviva.com\/perpignan\/?post_type=shows&#038;p=7173"},"modified":"2023-08-15T17:05:51","modified_gmt":"2023-08-15T15:05:51","slug":"magazines-culturels","status":"publish","type":"shows","link":"https:\/\/radio-aviva.com\/perpignan\/emission\/magazines-culturels\/","title":{"rendered":"Magazines culturels"},"content":{"rendered":"<p>Entracte, Cin\u00e9maviva, La Compagnie Th\u00e9\u00e2trale, Territoire d&rsquo;artistes&#8230;<\/p>\n","protected":false},"excerpt":{"rendered":"<p>Entracte, Cin\u00e9maviva, La Compagnie Th\u00e9\u00e2trale, Territoire d&rsquo;artistes&#8230;<\/p>\n","protected":false},"featured_media":7174,"menu_order":0,"comment_status":"closed","ping_status":"closed","template":"","genre":[106],"class_list":["post-7173","shows","type-shows","status-publish","has-post-thumbnail","hentry","genre-emissions"],"_links":{"self":[{"href":"https:\/\/radio-aviva.com\/perpignan\/wp-json\/wp\/v2\/shows\/7173","targetHints":{"allow":["GET"]}}],"collection":[{"href":"https:\/\/radio-aviva.com\/perpignan\/wp-json\/wp\/v2\/shows"}],"about":[{"href":"https:\/\/radio-aviva.com\/perpignan\/wp-json\/wp\/v2\/types\/shows"}],"replies":[{"embeddable":true,"href":"https:\/\/radio-aviva.com\/perpignan\/wp-json\/wp\/v2\/comments?post=7173"}],"version-history":[{"count":0,"href":"https:\/\/radio-aviva.com\/perpignan\/wp-json\/wp\/v2\/shows\/7173\/revisions"}],"wp:featuredmedia":[{"embeddable":true,"href":"https:\/\/radio-aviva.com\/perpignan\/wp-json\/wp\/v2\/media\/7174"}],"wp:attachment":[{"href":"https:\/\/radio-aviva.com\/perpignan\/wp-json\/wp\/v2\/media?parent=7173"}],"wp:term":[{"taxonomy":"genre","embeddable":true,"href":"https:\/\/radio-aviva.com\/perpignan\/wp-json\/wp\/v2\/genre?post=7173"}],"curies":[{"name":"wp","href":"https:\/\/api.w.org\/{rel}","templated":true}]}}

<p>Entracte, Cinémaviva, La Compagnie Théâtrale, Territoire d&rsquo;artistes&#8230;</p>
